 divided by k?
10
Suppose 16 + 90 = c. Calculate the remainder when c is divided by 19.
11
Suppose 0*u - 48 = -4*u. What is the remainder when 33 is divided by u?
9
Let x = 22 - 5. Calculate the remainder when 67 is divided by x.
16
Suppose 11*h + 10*h - 126 = 0. What is the remainder when h is divided by 3?
0
Let i be 10*2*1/4. Let k = i - -2. Let o(l) = -l**2 + 20. Calculate the remainder when o(0) is divided by k.
6
Calculate the remainder when (-46)/16*-2*12 is divided by 36.
33
Let i(w) = -63*w**3 + 2*w**2 - 1. Let c be 1/(1/1 - 2). Suppose 2*l - 40 = q, 3*l - 3*q - 58 = -q. What is the remainder when i(c) is divided by l?
20
Calculate the remainder when 65 is divided by (-2941)/(-136) + 6/16.
21
Suppose c - 96 + 15 = -3*g, -4*c + 12 = 0. Calculate the remainder when 36 is divided by g.
10
Suppose -j + 42 = -4*j. Let q = -6 - j. Suppose -7*x + 3*x = 4*t - 156, -4*t = q. Calculate the remainder when x is divided by 21.
20
Suppose 3*n - 8*n + 45 = 0. Calculate the remainder when n is divided by 5.
4
Let k be 68/18 - (-4)/18. Suppose 5*g = k*r - 98 - 17, -2*r = -2*g - 60. Let p = 73 + -55. Calculate the remainder when r is divided by p.
17
Let v = 223 - 153. Suppose -2*w = -4*w + v. What is the remainder when w is divided by 1 + 10 - (-3 - 6/(-3))?
11
Let m = -7 - -12. Let d = -3 + m. Suppose 0 = 4*b - 2*j - 16, 11*b - 24 = 9*b + 5*j. What is the remainder when b is divided by d?
0
Let n be (-6 + 5)/((-1)/2). Let w = n - 3. What is the remainder when 16 is divided by 7 + w + (-1 - -4)?
7
Suppose -t = 2*u - 4*u + 84, -3*t = u - 42. Let m = -2 - -6. Suppose s + 5*l - 6 = 0, 33 - 4 = 3*s + m*l. Calculate the remainder when u is divided by s.
9
What is the remainder when 98 is divided by (10/15)/(2/(-5))*-12?
18
Let d = -34 - -13. Suppose -4*a - 104 = 4*t - 328, 3*t - 60 = -a. Calculate the remainder when a is divided by d/2*(-16)/12.
12
Let v(z) = -z + 10. Calculate the remainder when 24 is divided by v(-3).
11
What is the remainder when 16 is divided by 20/2 - (-5 - -6)?
7
Let k(o) = 2*o + 23. Calculate the remainder when 110 is divided by k(7).
36
Suppose 15 = 3*l - m, 3*m = 3*l - 2*m - 27. Suppose 20 = 2*r - 0*r. What is the remainder when r is divided by l?
2
Suppose -5*x = z - 22 - 18, 0 = 2*z - 10. Let m(a) = 0*a**2 - 3*a**3 - 3*a**2 + 1 + 4*a**3 - a. What is the remainder when m(4) is divided by x?
6
Let p(y) = 5*y - 12. Suppose t = -2*t + 6. What is the remainder when p(3) is divided by t?
1
Suppose 0 = 2*n - 5*f - 99, -2*n - 26 + 115 = 5*f. Calculate the remainder when n is divided by 13.
8
Let u(k) = -14*k - 8. What is the remainder when u(-7) is divided by 32?
26
Let q(a) = 58*a + 1. Let d be q(1). Let x = 103 - d. What is the remainder when x is divided by (2 + 0)/(2/15)?
14
Let x(c) = -c**3 + 7*c**2 - 6*c + 1. Let n be x(5). Let t = 32 - n. What is the remainder when (-1)/(((-2)/41)/2) is divided by t?
8
Suppose -6*t + t = 60. Let w be (-2 + t/(-5))*10. Suppose 0 = w*m - 45 - 143. What is the remainder when m is divided by 16?
15
Suppose -x - 268 = 3*x. Let g = x - -97. Calculate the remainder when g is divided by 8.
6
Let x(n) = 5*n**2 + 2*n - 1. Let a be x(-2). Let o = 21 + a. What is the remainder when o is divided by 19?
17
Suppose 3*v - 4*v = -5*b + 213, v + 3 = 0. Calculate the remainder when b is divided by 11.
9
Suppose -m - 7 = 5*z - 4, 45 = 5*m - 5*z. Calculate the remainder when 34 is divided by m.
6
Suppose 3*x - 34 = -4*q + x, 3*q + 3*x - 30 = 0. Let w = -93 + 149. Calculate the remainder when w is divided by (-3 - q/(-2))*38.
18
Suppose -r = -6*r + 40. What is the remainder when 46 is divided by r?
6
Suppose -5*t + 46 = 6. Calculate the remainder when t is divided by 5.
3
Let v(m) = -m**3 + 6*m**2 - 7*m + 5. Suppose 2*t - 16 = 16. What is the remainder when t is divided by v(4)?
7
Let a(j) = j**2 + 6*j - 2. Let s be a(-7). Suppose 188 = -f + s*f. Calculate the remainder when f is divided by 10.
7
Let h be ((-10)/3)/(4/(-6)). Suppose -2*c + h*c - 75 = 0. Let i(w) = -w**3 - 6*w**2 + 5*w - 5. Calculate the remainder when c is divided by i(-7).
7
Suppose 149 - 53 = 6*x. Calculate the remainder when 47 is divided by x.
15
Suppose -2*a - 39 = -w, 3*w - 53 - 64 = -4*a. Let g = w - 23. What is the remainder when g is divided by 6?
4
Let t = -4 + 7. Let i(r) = 12 - 2*r - 4*r + 6*r + r. What is the remainder when i(-5) is divided by t?
1
Let m(f) = -f**2 + 5*f - 1. Let d be m(4). Calculate the remainder when (-4)/(-2) - -6*d is divided by (4/8)/((-2)/(-44)).
9
Let s(a) = 3*a**2 + a - 1. Let v(r) = 7*r**2 + 3*r - 2. Let x(k) = 9*s(k) - 4*v(k). Let q be x(3). Calculate the remainder when -1*2 - -1 - q is divided by 10.
8
Suppose 0 = -3*n + n - 3*l + 13, n - 4*l = 1. Suppose -12 = 2*c - n*c. Calculate the remainder when 11 is divided by c.
3
Suppose -117 = -4*a - 5*c, -3*a - c + 162 = 2*a. Suppose 5*y = -r - a, -2*r - 14 = 3*y + 3. Let m = y - -8. Calculate the remainder when 2 is divided by m.
0
Let q = -50 - -75. Calculate the remainder when q is divided by 7.
4
Let p(w) = -w**3 + 3*w + 3. Let b(o) = o**3 - 4*o**2 + 3*o. Let k be b(2). Calculate the remainder when ((-9)/(-2))/((-1)/(-2)) is divided by p(k).
4
Let d(t) = -5*t - 25. Let g = -11 - -50. What is the remainder when g is divided by d(-9)?
19
Let p = 211 + -112. Calculate the remainder when p is divided by 17.
14
Suppose 0 = 16*y - 3*y - 1313. What is the remainder when y is divided by 28?
17
Suppose -2*g = t + 4*t - 83, 0 = -3*g - 3. What is the remainder when 30 is divided by t?
13
Let a(j) = -j**3 - j**2 + j. Calculate the remainder when a(-2) is divided by (-8)/(-12) + 3/9.
0
Let a(q) = q. Let c(b) = 2*b - 10. Let x(u) = -5*a(u) + c(u). Suppose -3*d - 1 = -k - d, -2*d = 2*k - 8. Calculate the remainder when k is divided by x(-4).
1
Suppose 0 = t - 0*t - 6. Let p(c) = c**2 - 7*c + 8. Calculate the remainder when 3 is divided by p(t).
1
Let h = 209 - 359. Let v be (4/(-10))/((-5)/h). What is the remainder when (v/(-30))/((-2)/(-10)) is divided by 2?
0
Let t(j) = 3*j - 1. What is the remainder when 84 is divided by t(10)?
26
Suppose -n = 5*c + 2*n + 1, -12 = 3*c - 2*n. Suppose 5*a - 70 = -0*a. Calculate the remainder when (-476)/(-12) - c/6 is divided by a.
12
Suppose 3*i = x - 4*x, -4*x = i. Let m(o) = 2*o**2 - 1. Calculate the remainder when m(-4) is divided by 11*(i - -1 - 0).
9
Let l(k) = k**2 + 5*k + 7. Calculate the remainder when -3*5/((-60)/244) is divided by l(-7).
19
Let n(m) = m**3 - 9*m**2 - 9*m + 4. Suppose 0*v = 3*v - 123. What is the remainder when v is divided by n(10)?
13
Let j be (-2)/(2 + -1) - -26. Suppose -6 + j = c. Let d = -63 - -115. What is the remainder when d is divided by c?
16
Let r = 11 + 8. Calculate the remainder when 113 is divided by r.
18
Let s = -42 - -55. Calculate the remainder when 50 is divided by s.
11
Let x = -15 - -72. What is the remainder when x is divided by 29?
28
Let f(h) = 3*h + 7 - 10 + 32 - 2*h. What is the remainder when f(0) is divided by 10?
9
Let z be (-1)/4 + 41/4. Calculate the remainder when (26/z)/(6/30) is divided by 5.
3
Suppose 5*n - 7 = -2. Suppose 0*m + 2*m - 5*f - n = 0, -1 = -m + 2*f. Suppose 2*g + 3*q + 2 = 3, -5*q - 1 = m*g. What is the remainder when g is divided by 3?
2
What is the remainder when 47 is divided by (-8)/6*(8 - 20)?
15
Let o(v) = 10*v - 7. Suppose 3*d - 15 = -f + 9, -f + 17 = 2*d. What is the remainder when d is divided by o(1)?
1
Let x(w) = -2*w**2 + 8*w + 4. Let r be x(6). Let b = -12 - r. Suppose 4*d - 22 = -z, z - 3*d + b*d = 21. Calculate the remainder when z is divided by 14.
12
Let g be 4/8 + 1/2. Suppose g = o - 0*o. What is the remainder when 4 is divided by (-2)/2*(o + -4)?
1
Let a(w) = -2*w - 3. Let i = 0 - -13. What is the remainder when i is divided by a(-4)?
3
What is the remainder when 42 - (1 + -1 + -1) is divided by 15?
13
Suppose 0*d + 25 = d. Let q(x) = 2*x**2 + 2*x - 10. Calculate the remainder when -1 + 2 + d - -1 is divided by q(-4).
13
Suppose 0 = -0*s - s - 201. Calculate the remainder when s/(-9) + 1/(-3) is divided by 12.
10
Let k(f) = -f**2 - 11*f - 6. Calculate the remainder when k(-7) is divided by 8.
6
Let q = -9 - -11. Suppose y + 45 = 5*d - 4*y, -q*y = 2. Suppose -v - h = -18, 1 = -v + 5*h - 5. What is the remainder when v is divided by d?
6
Let i = 